 613*c - 612*c. Let w = 1032 + c. What is the hundreds digit of w?
2
Let m(c) = -298*c - 571. What is the thousands digit of m(-20)?
5
Let m(p) = p**2 - 71*p - 43. Let k be m(-28). Suppose -4*w + 1826 = 2*z, 3*z = -0*w - w + k. What is the tens digit of z?
0
Let d = 6 + 53. Let v = d + -54. Let h(n) = n**2 + 5*n - 8. What is the tens digit of h(v)?
4
Let o(g) = 82*g**3 - 7*g**2 + 12*g - 26. What is the thousands digit of o(6)?
7
Let n be (-60)/(-105) + (-451)/(-7). Suppose -t + 1048 = -n. What is the tens digit of t?
1
Let k = 2852 + -4983. Let r = k - -3546. What is the hundreds digit of r?
4
Let v be 5/(120/18)*8. Let z(l) be the third derivative of l**4/4 - 25*l**3/6 + 11*l**2. What is the units digit of z(v)?
1
Let l = -127 - -33. Let c = 162 + l. Suppose -104 = -4*w + c. What is the tens digit of w?
4
Let t be (17/2)/((-1)/2). Let w = t - -7. What is the tens digit of (-4)/w + 1209/15?
8
Let x(h) = 6*h**2 - 1 - 14*h**2 + 7*h**2. Let c(a) = 2*a**2 + 14*a - 15. Let p(r) = -c(r) - 3*x(r). What is the units digit of p(16)?
0
Let b(a) = 37*a**2 - 9. Let h be b(-9). Suppose -2*y = 10*y - h. What is the tens digit of y?
4
Suppose -2*q + 87 = b - 0*b, 0 = 4*q. Suppose b - 593 = -2*v. What is the units digit of v?
3
Suppose 2*r - 12318 - 17789 = -5*m, -4*m - 4*r = -24088. What is the units digit of m?
1
Let g(o) be the second derivative of o**4/12 - o**3/2 + o**2/2 + 14*o. Let f be g(2). What is the tens digit of 68*f/(-2) - (-3 - -4)?
3
What is the units digit of (-24)/9 + (-1415297)/(-39) - 7?
0
Let i(p) be the third derivative of -7*p**4 + p**3/3 + 128*p**2 + 2. What is the hundreds digit of i(-5)?
8
Let h(f) be the second derivative of 5*f**4/12 + 17*f**3/6 - 9*f**2 - 47*f. What is the tens digit of h(-12)?
9
Suppose -3*d + 3*p + 71 = p, -5*p + 60 = 2*d. Let v(q) = q - 23. Let u be v(d). Suppose -2*t + u*m + 383 - 79 = 0, -m = 5*t - 778. What is the tens digit of t?
5
Suppose -6*q + 482791 + 148145 = 0. What is the tens digit of q/230 - 1/5?
5
Let j(v) = 6*v - 22. Let z be j(4). Suppose -4*m + 34 = 2*r, -z*m + 14 = 2*r - 2. What is the hundreds digit of (m/(-27))/(2/(-1602))?
2
Let x = 1717 - 3375. Let w = -1081 - x. What is the hundreds digit of w?
5
What is the thousands digit of 9/(162/4) + 157714/9?
7
Suppose 13*r = 6*r + 98. Suppose 6192 = r*w + 1222. What is the units digit of w?
5
Suppose -7*t - 423985 + 86033 = -39*t. What is the thousands digit of t?
0
Suppose 338*g - 49434 = 324*g. What is the thousands digit of g?
3
Suppose -s + 6*y = -8937, 56*s - 57*s + 8945 = 2*y. What is the units digit of s?
3
Let n = -834 - 75. Let q = n - -1423. What is the units digit of q?
4
Suppose 36*s - 46572 - 94080 = 0. What is the units digit of s?
7
Suppose 2*n - 16 = -2*n, x - 4*n + 9 = 0. Let h(d) = d**2 - 7*d. Let g be h(x). Suppose g = -4*t + 153 - 9. What is the units digit of t?
6
Let w = -291 - -295. Suppose 3*d = d - w, h - d - 436 = 0. What is the units digit of h?
4
Let z = 78955 - 39605. What is the hundreds digit of z?
3
Suppose 2*k + 0*d - 1 = 3*d, -5*d + 17 = -k. Suppose -2976 = -5*q + 3*j, 12*q - k*q - 5*j = 2373. What is the units digit of q?
7
Suppose -130 = -17*t - 11. Suppose t*h - 8*h = 0, -2*h = -4*o + 1236. What is the units digit of o?
9
Suppose 0 = 113*t - 208353 - 142625. What is the tens digit of t?
0
Let n be 3/6 + 207/6. Suppose -5*o - 5*i + 18 = -27, 3*o - 5*i - n = 0. Suppose -o*v + 734 - 24 = 0. What is the tens digit of v?
7
Suppose 88*k - 89569 = 45*k. What is the hundreds digit of k?
0
Let f(y) be the first derivative of 121*y**3/3 - 5*y**2/2 + 8*y + 17. What is the units digit of f(2)?
2
Suppose -73*i + 117*i + 68*i = 41216. Suppose h + 2*h - 33 = 0. Suppose 3*n - h*n + i = 0. What is the units digit of n?
6
Let g(s) = -35*s - 283. Let v(j) = -108*j - 847. Let i(h) = -11*g(h) + 4*v(h). What is the tens digit of i(-8)?
0
Let f = 19071 - 18041. What is the tens digit of f?
3
Let i = 2458 + 13324. What is the hundreds digit of i?
7
Suppose 7*q = 8*q - 5*t - 9191, 5*t = -5*q + 46105. What is the units digit of q?
6
What is the tens digit of 81 + -95 - (-14029 - -7)?
0
Suppose -5*r - f - 115 = 6, 3*r + 3*f + 75 = 0. What is the tens digit of -124*((-21)/r)/((-2)/8)?
3
Let a = -20 + 24. Suppose -30 = -a*b - 6. Suppose -582 = b*u - 12*u. What is the units digit of u?
7
Suppose 585 = -4*s + 4677. Suppose 3*q - s = -4*o + 7*o, -o = 2*q - 670. What is the units digit of q?
7
Let p(y) be the second derivative of -2*y**5/5 + 2*y**4/3 + y**3/2 + 5*y**2 - 27*y - 1. What is the hundreds digit of p(-4)?
6
Suppose 3*n - 80 = -4*t, 0 = -2*n + 4*t - 9*t + 65. Suppose -5*v + n = 0, 3*m - 2522 = -0*m + v. What is the tens digit of m?
4
Let w = 2423 + -2425. Suppose 0 = -2*z - 15 - 9. What is the units digit of (z/15)/(w/165)?
6
Let a = -260 + -512. Let f = -302 - a. What is the tens digit of f?
7
Let s(t) = -23571*t - 832. What is the ten thousands digit of s(-1)?
2
Let c(k) = 50*k**2 - 16*k + 70. Let i be c(6). Suppose 4*b + 4*d = -d + 2365, -4*d = 3*b - i. What is the hundreds digit of b?
5
Suppose c = -c + 2. Let g(u) = 9*u - 2*u - 2*u + 118*u**3 + u**2 - 6*u. What is the hundreds digit of g(c)?
1
Let b = 16831 - 10363. What is the hundreds digit of b?
4
Let c(y) = 3*y**3 - y + 1. Let n be c(1). Let q be 0 + n/((-3)/(-4)). Suppose -4*s + 124 = -q*a, a = -3*s + 24 + 53. What is the tens digit of s?
2
Let j = 47100 - 23850. What is the hundreds digit of j?
2
Let a(y) = 174*y + 10. Let k be (-14)/4*(1 - (-88)/(-56)). What is the units digit of a(k)?
8
Suppose 3*b = -2*l + 263 + 181, -4*l = -2*b + 296. Let c = -70 + b. Suppose -c = -9*t + 183. What is the units digit of t?
9
Suppose 34*c - 221950 = 56*c - 828644. What is the units digit of c?
7
Suppose 3*f = -252 - 18. Let z(g) = -11*g + 396. Let j be z(22). Let c = j + f. What is the units digit of c?
4
Suppose 45*w - 76*w = -1378508. What is the thousands digit of w?
4
Let r = -80 - -84. Suppose 4*w - r*y + 4 - 156 = 0, -2*w + 48 = 5*y. What is the tens digit of w?
3
Let j be 4/3*(-3 - -6). Let s(f) = -27*f - 22. Let q be s(-1). Suppose t = 2, -q*t + 246 = j*p - 160. What is the units digit of p?
9
Let q be (4 - (-15)/(-3)) + (-5)/(-1). Suppose 3*l + 1 = q. What is the units digit of l/(1*1/4)?
4
Let g = 747 + 4404. What is the tens digit of g?
5
Let q = 67416 - 26626. What is the ten thousands digit of q?
4
Let h be 15496/3 - 10/(-6). Suppose -8*w - 1591 = -h. What is the units digit of w?
7
Let c(k) be the first derivative of -k**2 - 10*k - 13. Let r be c(-6). Suppose 0 = 5*b - 4*b + 4*w - 118, 3*b - r*w = 424. What is the units digit of b?
8
Suppose -20*l + 21*l - 349 = -15. What is the hundreds digit of l?
3
Let t = 12692 + -5691. What is the tens digit of t?
0
Let c(v) = 33*v + 22. Let g(i) = -5*i - 46. Let p be g(-10). What is the hundreds digit of c(p)?
1
Let d = 9466 - -7902. What is the thousands digit of d?
7
Let k(f) = -36136*f**3 + 4*f**2 - 20*f - 24. What is the tens digit of k(-1)?
3
Let v = -16811 + 24340. What is the thousands digit of v?
7
Suppose 3*c + 3 = -2*h + 17, 4*h - 12 = 2*c. Suppose 4*m = -u + 1315, c*u = -2*m - m + 985. What is the tens digit of m?
2
Let j be -1*(-8 + (-4 - -6)). Suppose v + j + 12 = 0. Let l = 195 + v. What is the tens digit of l?
7
Let q = 41 - 43. Let h be (-1 + 5/7)/(q/28). What is the tens digit of (-342)/4*h/(-6)?
5
Let v(a) = -a**3 - 4*a**2 - 4*a - 1. Suppose 2*s = -5*u - 5, -u + 5*s = -6*u + 10. Let q be v(u). What is the units digit of (-5)/(45/q) + (-3894)/(-27)?
4
Let l = 31754 + -15189. What is the units digit of l?
5
Suppose -w + 51822 = 4*n, 4*w + 25920 = -43*n + 45*n. What is the hundreds digit of n?
9
Let u = 16814 - 9431. What is the units digit of u?
3
Suppose -19*q = -55*q + 296784. What is the tens digit of q?
4
Let v = 806 + -452. Let f = v - 116. What is the tens digit of f?
3
Let k(b) = b**2 - b - 21. Let j be k(-4). Let z be 2/3 - 82/(-3) - j. Suppose 21*a + 784 = z*a. What is the units digit of a?
8
Let m(p) = -666*p + 1306. What is the ten thousands digit of m(-35)?
2
Let r = -4081 + 4654. What is the units digit of r?
3
Let m = 1850 + -973. Suppose 4 = m*l - 875*l. What is the units digit of l?
2
Suppose -34*n + 114134 = -11783 - 590803. What is the thousands digit of n?
1
Let k(p) = p**2 - 11*p + 9. Let w be k